{"version":"1.0","provider_name":"ESPRONCEDA","provider_url":"https:\/\/www.espronceda.net\/ca\/","author_name":"Espronceda","author_url":"https:\/\/www.espronceda.net\/ca\/author\/coen\/","title":"EX\u00c9GENIS PO\u00c9TICA by Siuro, curated by Maribel Navarro - ESPRONCEDA","type":"rich","width":600,"height":338,"html":"<blockquote class=\"wp-embedded-content\" data-secret=\"NR6Ulp1r9t\"><a href=\"https:\/\/www.espronceda.net\/ca\/exegenis-poetica-by-siuro-curated-by-maribel-navarro\/\">EX\u00c9GENIS PO\u00c9TICA by Siuro, curated by Maribel Navarro<\/a><\/blockquote><iframe sandbox=\"allow-scripts\" security=\"restricted\" src=\"https:\/\/www.espronceda.net\/ca\/exegenis-poetica-by-siuro-curated-by-maribel-navarro\/embed\/#?secret=NR6Ulp1r9t\" width=\"600\" height=\"338\" title=\"&#8220;EX\u00c9GENIS PO\u00c9TICA by Siuro, curated by Maribel Navarro&#8221; &#8212; ESPRONCEDA\" data-secret=\"NR6Ulp1r9t\" frameborder=\"0\" marginwidth=\"0\" marginheight=\"0\" scrolling=\"no\" class=\"wp-embedded-content\"><\/iframe><script type=\"text\/javascript\">\n\/* <![CDATA[ *\/\n\/*! This file is auto-generated *\/\n!function(d,l){\"use strict\";l.querySelector&&d.addEventListener&&\"undefined\"!=typeof URL&&(d.wp=d.wp||{},d.wp.receiveEmbedMessage||(d.wp.receiveEmbedMessage=function(e){var t=e.data;if((t||t.secret||t.message||t.value)&&!\/[^a-zA-Z0-9]\/.test(t.secret)){for(var s,r,n,a=l.querySelectorAll('iframe[data-secret=\"'+t.secret+'\"]'),o=l.querySelectorAll('blockquote[data-secret=\"'+t.secret+'\"]'),c=new RegExp(\"^https?:$\",\"i\"),i=0;i<o.length;i++)o[i].style.display=\"none\";for(i=0;i<a.length;i++)s=a[i],e.source===s.contentWindow&&(s.removeAttribute(\"style\"),\"height\"===t.message?(1e3<(r=parseInt(t.value,10))?r=1e3:~~r<200&&(r=200),s.height=r):\"link\"===t.message&&(r=new URL(s.getAttribute(\"src\")),n=new URL(t.value),c.test(n.protocol))&&n.host===r.host&&l.activeElement===s&&(d.top.location.href=t.value))}},d.addEventListener(\"message\",d.wp.receiveEmbedMessage,!1),l.addEventListener(\"DOMContentLoaded\",function(){for(var e,t,s=l.querySelectorAll(\"iframe.wp-embedded-content\"),r=0;r<s.length;r++)(t=(e=s[r]).getAttribute(\"data-secret\"))||(t=Math.random().toString(36).substring(2,12),e.src+=\"#?secret=\"+t,e.setAttribute(\"data-secret\",t)),e.contentWindow.postMessage({message:\"ready\",secret:t},\"*\")},!1)))}(window,document);\n\/* ]]> *\/\n<\/script>\n","description":"EX\u00c9GENIS PO\u00c8TICA. Neix l&#8217;obra de la sensibilitat de recon\u00e8ixer, en cada cosa, l&#8217;extrema fragilitat de l&#8217;exist\u00e8ncia i la seva inherent fugacitat. En aquesta obra tot coexisteix, per\u00f2 no com una fusi\u00f3 de contraris sin\u00f3 com un acostament a realitzar que la poesia i la vida quedin entremesclades fins al punt de gaireb\u00e9 no distingir-se. M\u00f3n on\u00edric, paisatges de la humanitat [&hellip;]","thumbnail_url":"https:\/\/www.espronceda.net\/wp-content\/uploads\/2019\/10\/V2A2365-150x150.jpg"}

EXÉGENIS POÉTICA by Siuro, curated by Maribel Navarro - ESPRONCEDA

<blockquote class="wp-embedded-content" data-secret="NR6Ulp1r9t"><a href="https://www.espronceda.net/ca/exegenis-poetica-by-siuro-curated-by-maribel-navarro/">EXÉGENIS POÉTICA by Siuro, curated by Maribel Navarro</a></blockquote><iframe sandbox="allow-scripts" security="restricted" src="https://www.espronceda.net/ca/exegenis-poetica-by-siuro-curated-by-maribel-navarro/embed/#?secret=NR6Ulp1r9t" width="600" height="338" title="&#8220;EXÉGENIS POÉTICA by Siuro, curated by Maribel Navarro&#8221; &#8212; ESPRONCEDA" data-secret="NR6Ulp1r9t" frameborder="0" marginwidth="0" marginheight="0" scrolling="no" class="wp-embedded-content"></iframe><script type="text/javascript">
/* <![CDATA[ */
/*! This file is auto-generated */
!function(d,l){"use strict";l.querySelector&&d.addEventListener&&"undefined"!=typeof URL&&(d.wp=d.wp||{},d.wp.receiveEmbedMessage||(d.wp.receiveEmbedMessage=function(e){var t=e.data;if((t||t.secret||t.message||t.value)&&!/[^a-zA-Z0-9]/.test(t.secret)){for(var s,r,n,a=l.querySelectorAll('iframe[data-secret="'+t.secret+'"]'),o=l.querySelectorAll('blockquote[data-secret="'+t.secret+'"]'),c=new RegExp("^https?:$","i"),i=0;i<o.length;i++)o[i].style.display="none";for(i=0;i<a.length;i++)s=a[i],e.source===s.contentWindow&&(s.removeAttribute("style"),"height"===t.message?(1e3<(r=parseInt(t.value,10))?r=1e3:~~r<200&&(r=200),s.height=r):"link"===t.message&&(r=new URL(s.getAttribute("src")),n=new URL(t.value),c.test(n.protocol))&&n.host===r.host&&l.activeElement===s&&(d.top.location.href=t.value))}},d.addEventListener("message",d.wp.receiveEmbedMessage,!1),l.addEventListener("DOMContentLoaded",function(){for(var e,t,s=l.querySelectorAll("iframe.wp-embedded-content"),r=0;r<s.length;r++)(t=(e=s[r]).getAttribute("data-secret"))||(t=Math.random().toString(36).substring(2,12),e.src+="#?secret="+t,e.setAttribute("data-secret",t)),e.contentWindow.postMessage({message:"ready",secret:t},"*")},!1)))}(window,document);
/* ]]> */
</script>

EXÉGENIS POÈTICA. Neix l&#8217;obra de la sensibilitat de reconèixer, en cada cosa, l&#8217;extrema fragilitat de l&#8217;existència i la seva inherent fugacitat. En aquesta obra tot coexisteix, però no com una fusió de contraris sinó com un acostament a realitzar que la poesia i la vida quedin entremesclades fins al punt de gairebé no distingir-se. Món oníric, paisatges de la humanitat [&hellip;]
