{"version":"1.0","provider_name":"ESPRONCEDA","provider_url":"https:\/\/www.espronceda.net\/ca\/","author_name":"Malena Vinay","author_url":"https:\/\/www.espronceda.net\/ca\/author\/malena\/","title":"IMMENSIVA Residency 2026 \u2013 Cartografies Col\u00b7lectives - ESPRONCEDA","type":"rich","width":600,"height":338,"html":"<blockquote class=\"wp-embedded-content\" data-secret=\"nqzdywlJvE\"><a href=\"https:\/\/www.espronceda.net\/ca\/immensiva-residency-2026-cartografies-col%c2%b7lectives\/\">IMMENSIVA Residency 2026 \u2013 Cartografies Col\u00b7lectives<\/a><\/blockquote><iframe sandbox=\"allow-scripts\" security=\"restricted\" src=\"https:\/\/www.espronceda.net\/ca\/immensiva-residency-2026-cartografies-col%c2%b7lectives\/embed\/#?secret=nqzdywlJvE\" width=\"600\" height=\"338\" title=\"&#8220;IMMENSIVA Residency 2026 \u2013 Cartografies Col\u00b7lectives&#8221; &#8212; ESPRONCEDA\" data-secret=\"nqzdywlJvE\" frameborder=\"0\" marginwidth=\"0\" marginheight=\"0\" scrolling=\"no\" class=\"wp-embedded-content\"><\/iframe><script type=\"text\/javascript\">\n\/* <![CDATA[ *\/\n\/*! This file is auto-generated *\/\n!function(d,l){\"use strict\";l.querySelector&&d.addEventListener&&\"undefined\"!=typeof URL&&(d.wp=d.wp||{},d.wp.receiveEmbedMessage||(d.wp.receiveEmbedMessage=function(e){var t=e.data;if((t||t.secret||t.message||t.value)&&!\/[^a-zA-Z0-9]\/.test(t.secret)){for(var s,r,n,a=l.querySelectorAll('iframe[data-secret=\"'+t.secret+'\"]'),o=l.querySelectorAll('blockquote[data-secret=\"'+t.secret+'\"]'),c=new RegExp(\"^https?:$\",\"i\"),i=0;i<o.length;i++)o[i].style.display=\"none\";for(i=0;i<a.length;i++)s=a[i],e.source===s.contentWindow&&(s.removeAttribute(\"style\"),\"height\"===t.message?(1e3<(r=parseInt(t.value,10))?r=1e3:~~r<200&&(r=200),s.height=r):\"link\"===t.message&&(r=new URL(s.getAttribute(\"src\")),n=new URL(t.value),c.test(n.protocol))&&n.host===r.host&&l.activeElement===s&&(d.top.location.href=t.value))}},d.addEventListener(\"message\",d.wp.receiveEmbedMessage,!1),l.addEventListener(\"DOMContentLoaded\",function(){for(var e,t,s=l.querySelectorAll(\"iframe.wp-embedded-content\"),r=0;r<s.length;r++)(t=(e=s[r]).getAttribute(\"data-secret\"))||(t=Math.random().toString(36).substring(2,12),e.src+=\"#?secret=\"+t,e.setAttribute(\"data-secret\",t)),e.contentWindow.postMessage({message:\"ready\",secret:t},\"*\")},!1)))}(window,document);\n\/* ]]> *\/\n<\/script>\n","description":"Data l\u00edmit de convocat\u00f2ria oberta: 17 d&#8217;abril de 2026 Notificaci\u00f3 als participants seleccionats: 27 d&#8217;abril de 2026 Per\u00edode de resid\u00e8ncia: abril\u2013novembre de 2026 Programa p\u00fablic i professional: 4\u201313 de novembre de 2026 Formulari de registre disponible aqu\u00ed Qu\u00e8 \u00e9s la RESID\u00c8NCIA IMMENSIVA 2026 \u2013 Cartografies Col\u00b7lectives? La resid\u00e8ncia IMMENSIVA forma part del Festival IMMENSIVA, llan\u00e7at el 2019 com el primer [&hellip;]","thumbnail_url":"https:\/\/www.espronceda.net\/wp-content\/uploads\/2026\/03\/FINAL-CAT-3-819x1024.png","thumbnail_width":819,"thumbnail_height":1024}

Data límit de convocatòria oberta: 17 d&#8217;abril de 2026 Notificació als participants seleccionats: 27 d&#8217;abril de 2026 Període de residència: abril–novembre de 2026 Programa públic i professional: 4–13 de novembre de 2026 Formulari de registre disponible aquí Què és la RESIDÈNCIA IMMENSIVA 2026 – Cartografies Col·lectives? La residència IMMENSIVA forma part del Festival IMMENSIVA, llançat el 2019 com el primer [&hellip;]
