{"version":"1.0","provider_name":"ESPRONCEDA","provider_url":"https:\/\/www.espronceda.net\/es\/","author_name":"Espronceda","author_url":"https:\/\/www.espronceda.net\/es\/author\/coen\/","title":"Opening @ 10th Aniversary of BenciniBarcelona - ESPRONCEDA","type":"rich","width":600,"height":338,"html":"<blockquote class=\"wp-embedded-content\" data-secret=\"tvQ0GIoCpG\"><a href=\"https:\/\/www.espronceda.net\/es\/opening-10th-aniversary-bencinibarcelona\/\">Opening @ 10th Aniversary of BenciniBarcelona<\/a><\/blockquote><iframe sandbox=\"allow-scripts\" security=\"restricted\" src=\"https:\/\/www.espronceda.net\/es\/opening-10th-aniversary-bencinibarcelona\/embed\/#?secret=tvQ0GIoCpG\" width=\"600\" height=\"338\" title=\"\u00abOpening @ 10th Aniversary of BenciniBarcelona\u00bb \u2014 ESPRONCEDA\" data-secret=\"tvQ0GIoCpG\" frameborder=\"0\" marginwidth=\"0\" marginheight=\"0\" scrolling=\"no\" class=\"wp-embedded-content\"><\/iframe><script type=\"text\/javascript\">\n\/* <![CDATA[ *\/\n\/*! This file is auto-generated *\/\n!function(d,l){\"use strict\";l.querySelector&&d.addEventListener&&\"undefined\"!=typeof URL&&(d.wp=d.wp||{},d.wp.receiveEmbedMessage||(d.wp.receiveEmbedMessage=function(e){var t=e.data;if((t||t.secret||t.message||t.value)&&!\/[^a-zA-Z0-9]\/.test(t.secret)){for(var s,r,n,a=l.querySelectorAll('iframe[data-secret=\"'+t.secret+'\"]'),o=l.querySelectorAll('blockquote[data-secret=\"'+t.secret+'\"]'),c=new RegExp(\"^https?:$\",\"i\"),i=0;i<o.length;i++)o[i].style.display=\"none\";for(i=0;i<a.length;i++)s=a[i],e.source===s.contentWindow&&(s.removeAttribute(\"style\"),\"height\"===t.message?(1e3<(r=parseInt(t.value,10))?r=1e3:~~r<200&&(r=200),s.height=r):\"link\"===t.message&&(r=new URL(s.getAttribute(\"src\")),n=new URL(t.value),c.test(n.protocol))&&n.host===r.host&&l.activeElement===s&&(d.top.location.href=t.value))}},d.addEventListener(\"message\",d.wp.receiveEmbedMessage,!1),l.addEventListener(\"DOMContentLoaded\",function(){for(var e,t,s=l.querySelectorAll(\"iframe.wp-embedded-content\"),r=0;r<s.length;r++)(t=(e=s[r]).getAttribute(\"data-secret\"))||(t=Math.random().toString(36).substring(2,12),e.src+=\"#?secret=\"+t,e.setAttribute(\"data-secret\",t)),e.contentWindow.postMessage({message:\"ready\",secret:t},\"*\")},!1)))}(window,document);\n\/* ]]> *\/\n<\/script>\n","description":"BenciniBarcelona celebra su 10\u00ba aniversario Diez a\u00f1os son una gran causa para la celebraci\u00f3n as\u00ed que hemos preparado una demostraci\u00f3n muy especial \u00abviaje (a trav\u00e9s de mis memorias)\u00bb, una exposici\u00f3n que nos lleve en un viaje a trav\u00e9s de la historia de BenciniBarcelona, trabajo in\u00e9dito y una instalaci\u00f3n grande creada conjuntamente por Federico Bencini Y Ra\u00fal Pernia. \u00a0 Octubre 22 [&hellip;]","thumbnail_url":"https:\/\/www.espronceda.net\/wp-content\/uploads\/2015\/10\/10620237_911261378921980_7467635444802267549_o-150x150.jpg"}

BenciniBarcelona celebra su 10º aniversario Diez años son una gran causa para la celebración así que hemos preparado una demostración muy especial «viaje (a través de mis memorias)», una exposición que nos lleve en un viaje a través de la historia de BenciniBarcelona, trabajo inédito y una instalación grande creada conjuntamente por Federico Bencini Y Raúl Pernia.   Octubre 22 [&hellip;]
